What is the hundreds digit of ((-18)/(-8) - (1 - 5))*88?
5
Suppose 0 = -5*q - 3949 + 13639. What is the tens digit of q?
3
Let n = -2019 - -3492. What is the units digit of n?
3
Suppose -2*p - 5*g + 11 = -3, 0 = p + g - 4. What is the units digit of p?
2
Suppose 5*p - 2*j - 731 = 354, 2*j = -4*p + 850. Suppose 230 = 5*w - p. What is the units digit of w?
9
Let b = 13 + -13. Suppose -11 = 4*p - 3, b = -4*y + 2*p + 96. What is the units digit of y?
3
Let m = 37 + -40. What is the units digit of (-1 - m)*35/10?
7
Let p be 4755/25 - (-4)/5. Suppose p = 3*x + 2. Suppose x = 3*l + 3*u, -5*l = -3*u - 119 - 10. What is the tens digit of l?
2
Let p(n) = -n**2 + 2*n + 12. Let k be p(-3). Let s = 174 - k. What is the tens digit of s?
7
Suppose -65*f = -62*f - 1290. What is the hundreds digit of f?
4
Let p be 1/((-1234)/(-308) - 4). Let o = 220 - p. What is the units digit of o?
6
Let l be 24/(-15) + 2/(-5). Let m = l - 16. Let x = m + 40. What is the units digit of x?
2
Let h(q) = -10*q + 21 + q**2 - 17*q + q**2. What is the units digit of h(15)?
6
Suppose 5*u = 3*x - 12 - 7, -2*u = 4*x - 60. Suppose x*h = 14*h + 11. Let m = h - -15. What is the units digit of m?
4
Let k = 1828 - 1282. Suppose -17*d - k = -23*d. What is the tens digit of d?
9
Let p(w) = -w**2 - 16*w + 5. Let v = -12 + -1. What is the units digit of p(v)?
4
Suppose -2*j + 4*d = 3*d - 808, 3*j - d - 1214 = 0. What is the tens digit of j?
0
Suppose 0*c - 2340 = -5*x - 3*c, -5*x - c + 2330 = 0. What is the tens digit of x?
6
Let y(p) = 2*p + 26. Let c be y(22). Let k = 197 - c. What is the tens digit of k?
2
Let v(y) = 2*y**2 + 11*y + 11. What is the tens digit of v(15)?
2
Suppose 0 = 3*x - 0*x + 1353. What is the tens digit of 5/15*(2 - x)?
5
Suppose 5*i - 124 - 411 = 0. What is the units digit of i?
7
Let g(c) = 25*c + 848. What is the units digit of g(50)?
8
Let r(m) be the second derivative of 0 + m**2 + 1/20*m**5 + 2*m**3 + 4*m - m**4. What is the units digit of r(11)?
3
Let l = -55 - 75. Let u = 228 + l. What is the tens digit of u?
9
What is the hundreds digit of 120996/90 - (-7)/(-5)?
3
Let d = 87 - -70. What is the units digit of d?
7
Let l = 3 - 21. Let p = l + 24. Suppose 2*j = 56 - p. What is the units digit of j?
5
Let l(h) = h**3 - 4*h**2 - 2*h + 1. Let d be l(5). Suppose d = -3*x + 163. What is the tens digit of x?
4
Let v(x) = -2*x**3 - 4*x**2 + x - 1. Let u be v(-4). Suppose -u - 40 = -3*g. What is the tens digit of g?
3
What is the units digit of (1*(-1)/(-2))/((-1)/(-16))?
8
Suppose -2*k = -3*g - 206, 4*g = 2*k - 141 - 65. What is the units digit of k?
3
Let u(t) = 0*t**2 - 3 - 5*t**2 - t**3 + t**2 + 0*t**2. Let b be u(-3). What is the tens digit of -9 - b - (-14 - -1)?
1
Let t(j) be the first derivative of j**3/3 + 4*j - 6. Let h be t(-5). Suppose 0 = 2*i - i - h. What is the units digit of i?
9
Suppose 2*r - 3 = 5*r. What is the units digit of (6*r)/(3/(-26))?
2
Let a = 48 + -46. What is the tens digit of (-3)/(((-6)/79)/a)?
7
Let d(l) = l**2 + 5*l - 3. What is the tens digit of d(6)?
6
Suppose 0 = -5*y - 3*k + 12433, 2*y - 2*k - 841 = 4145. What is the units digit of y?
9
Let y(q) = -q**3 - 8*q**2 + 20*q - 16. Let w be y(-16). Let m = w - 864. Suppose -8*o - 264 = -m. What is the tens digit of o?
7
Let c = 40 - 17. Let a = c - -22. What is the tens digit of a?
4
Let f(u) be the second derivative of u**4/12 + 17*u**3/6 + 15*u**2 - 15*u. What is the tens digit of f(-19)?
6
Suppose -3*r - 9 = 0, -3*g - 820 = -5*g + 4*r. What is the tens digit of g?
0
What is the hundreds digit of 694 + 1*((-1 - 2) + 3)?
6
Suppose 0 = -2*s - 0*s + 10, -2*l - 17 = -3*s. What is the tens digit of (1 + l + 16 + -362)/(-2)?
7
Let n be (-5 + 1)/((-1)/(-1)). Let s be (n/(-8) - 1)*-148. Suppose -j + 33 = 4*b + 8, -s = -4*j - 3*b. What is the units digit of j?
7
What is the thousands digit of (-169)/(-26)*89*8?
4
Let r(n) be the first derivative of -16*n**2 + 38*n + 6. What is the units digit of r(-5)?
8
Suppose t + 2*t + 48 = 0. Let a = 30 + t. What is the units digit of a?
4
Suppose 4*m - 85 = 5*k, 0 = 4*m + 4*k - 8 - 32. Suppose 0 = -t - 4 + m. What is the tens digit of t?
1
What is the units digit of (-12)/(-6 + 2244/376)?
6
Let q be (-266)/4*24/14. Suppose 0 = -2*j - j - 237. Let u = j - q. What is the tens digit of u?
3
Let k = 27 + -23. Suppose c = -4*t + k*c - 11, 0 = t - 4*c + 19. Let d = 14 + t. What is the tens digit of d?
1
Let v = -163 - -69. Let c = v - -175. Suppose 3*j = 2*z + 47, 0*z = 5*j - 4*z - c. What is the units digit of j?
3
Suppose -8499 = -14*m - 981. What is the units digit of m?
7
Let a(p) = 59*p + 175. What is the units digit of a(15)?
0
Let t = 76 + -82. Let q(o) = o**3 + 10*o**2 + 10*o + 10. What is the tens digit of q(t)?
9
Let t be 9*(-9)/(2 - -1). Let r = 38 + t. Suppose -r + 3 = -2*v - 2*b, 2*v = b + 23. What is the units digit of v?
9
Suppose -k + 4*k - 5*w - 415 = 0, 3*w = -k + 129. Let m = k + -93. Suppose 5*q - 172 = -5*c - m, 4*q = -2*c + 60. What is the units digit of c?
2
Suppose k + 2*i = i + 10, -16 = -4*i. Let z = -3 + k. Suppose -z*v = -v - 104. What is the units digit of v?
2
Let h(s) = 98*s - 305. What is the hundreds digit of h(35)?
1
Suppose 0 = 7*a - 4255 - 9479. What is the thousands digit of a?
1
Suppose 6195 = 5*i - 2*q, 4*q - 43 = -23. What is the thousands digit of i?
1
Let l(j) = j + 11. Let q be l(-10). Let k(y) = 4*y + 1. Let z be k(q). Suppose o + z*f = 6*o + 10, -4*o = 5*f - 28. What is the units digit of o?
2
Let d(b) = -b**3 - 11*b**2 + 20*b + 2. Suppose 3*x + 8 + 34 = 0. Let u be d(x). Suppose -11*w - u = -16*w. What is the tens digit of w?
6
What is the hundreds digit of 0 - (15/(-60) + 2078/(-8))?
2
Let c = 5098 + -3605. What is the units digit of c?
3
Suppose -545 = -54*i + 49*i. What is the units digit of i?
9
Let h(r) = -57*r - 2. Let o be h(1). Let t = o + 104. What is the units digit of t?
5
Suppose -4*r + a = -0*a - 21, 3*r - 2*a - 22 = 0. Suppose -j = j - 2. Suppose 3*s - 7*s + 92 = r*c, c = j. What is the tens digit of s?
2
Suppose -u = -4*o - 313, -2*o - 234 = -u + 75. What is the tens digit of u?
0
Let q(n) = -19*n - 45. What is the units digit of q(-17)?
8
Let g(b) = -23*b**3 + 13*b**2 + b - 5. What is the tens digit of g(-3)?
3
Let d(m) = -5*m**2 - 14*m - 7. Let z be d(-6). Let u = -72 - z. What is the units digit of u?
1
Suppose 20*r = 27*r. What is the tens digit of ((-222)/(-12) - r)/((-2)/(-8))?
7
Suppose 4*m - 2*p = 1000, -6*m + 2*m + 980 = 3*p. Suppose m = -11*r + 886. What is the tens digit of r?
5
Let l be (-3 - 23)*(-3 + 2 - 10). Let t = l + -191. What is the units digit of t?
5
Let z = -81 - -4323. What is the tens digit of z?
4
Let w(q) = -2*q**3 + 2*q**2 + 14*q + 44. What is the hundreds digit of w(-7)?
7
Let i = 4259 + -2855. What is the hundreds digit of i?
4
Let g = -331 + 609. Let t = g - 197. What is the units digit of t?
1
What is the units digit of (12/(-5))/((-63)/13440)?
2
Suppose -2*o + 6*c = c - 21, 0 = -4*o - 3*c + 3. Suppose -5*a + o = -12. Suppose u = 2 + a. What is the units digit of u?
5
What is the hundreds digit of 16929/77 - 4/(-28)?
2
Let i(l) = l**2 + 3. Let h be i(0). Let n be ((-48)/(-9))/(2/h). Let t(p) = p**3 - 7*p**2 - 7*p + 6. What is the tens digit of t(n)?
1
Let f(r) = -r**2 + 10*r + 16. Let n be f(11). Suppose -n*o + 100 = -0*o. Let g = 48 - o. What is the units digit of g?
8
Let s(t) = 2034*t**3 + t**2 - 4*t + 3. What is the hundreds digit of s(1)?
0
Suppose -2003 = -4*z - 4*d + 2769, 4*z - 3*d = 4744. What is the tens digit of z?
8
Let h(d) be the third derivative of d**6/120 - d**5/4 + d**4/6 + 19*d**3/6 - d**2. What is the tens digit of h(15)?
7
Let s = 5223 - 2370. What is the units digit of s?
3
Suppose 8*l - 6*l - 4 = 0. What is the tens digit of l/((-261)/66 + 4)?
4
Suppose 1695 = 29*p - 24*p. What is the units digit of (-1)/7 - 7/((-147)/p)?
6
Suppose 0 = 7*j - 305 - 1578. What is the tens digit of j?
6
What is the tens digit of 2/11 - (-10 - (-146400)/(-55))?
7
Suppose -6*j + 100760 = 38*j. What is the units digit of j?
0
Let g(o) = o**2 + 6*o - 14. Suppose -2*k = 4*k + 72. What is the tens digit of g(k)?
5
Suppose 3*i = 11*i + 6416. What is the units digit of (-2)/5 + (i/(-5) - 2)?
8
Suppose 4*b - 4*c + 100 = 0, -6*b - 85 = -3*b + 2*c. What is the tens digit of (-6